2, 71, 70099
List the prime factors of 2903192717.
1093, 2656169
What are the prime factors of 131577482?
2, 53, 197, 6301
List the prime factors of 10657737.
3, 61, 719
What are the prime factors of 2766384252?
2, 3, 8538223
List the prime factors of 128229040.
2, 5, 1602863
What are the prime factors of 82794948?
2, 3, 6899579
List the prime factors of 329120898.
2, 3, 1307, 41969
List the prime factors of 115981241.
6079, 19079
List the prime factors of 248288643.
3, 1733, 15919
List the prime factors of 283787682.
2, 3, 139, 227, 1499
List the prime factors of 114621369.
3, 29, 1317487
What are the prime factors of 11815557?
3, 13, 29, 31, 337
List the prime factors of 143883566.
2, 71941783
What are the prime factors of 466800126?
2, 3, 13, 107, 55931
What are the prime factors of 362873385?
3, 5, 7, 151, 2543
What are the prime factors of 27675814?
2, 193, 71699
What are the prime factors of 197953149?
3, 349, 189067
List the prime factors of 13887489.
3, 7, 11, 79, 761
What are the prime factors of 67804623?
3, 1481, 5087
What are the prime factors of 1589114209?
1733, 916973
List the prime factors of 195686589.
3, 7, 9318409
What are the prime factors of 521867030?
2, 5, 52186703
List the prime factors of 1000344604.
2, 7, 19, 43, 6247
List the prime factors of 145477390.
2, 5, 1033, 14083
List the prime factors of 380749437.
3, 2339, 6029
List the prime factors of 557728833.
3, 73, 107, 23801
List the prime factors of 163286551.
19, 8594029
List the prime factors of 1464836.
2, 251, 1459
List the prime factors of 38510277.
3, 13, 31, 53, 601
What are the prime factors of 506423974?
2, 7, 36173141
List the prime factors of 263458366.
2, 863, 152641
What are the prime factors of 184911667?
19, 9732193
List the prime factors of 115603481.
7, 16514783
What are the prime factors of 7028096383?
7, 11, 71, 1285549
What are the prime factors of 712338473?
7, 11, 43, 215143
What are the prime factors of 199784831?
23, 8686297
What are the prime factors of 21460678?
2, 10730339
What are the prime factors of 4155227?
41, 101347
What are the prime factors of 32791762?
2, 601, 27281
List the prime factors of 240661110.
2, 3, 5, 43, 197, 947
List the prime factors of 14826444.
2, 3, 23, 53719
List the prime factors of 4545189207.
3, 13, 17, 253907
What are the prime factors of 35407230?
2, 3, 5, 1180241
What are the prime factors of 2992972?
2, 43, 17401
What are the prime factors of 50232916?
2, 12558229
List the prime factors of 40516378.
2, 7, 149, 19423
List the prime factors of 53409619.
29, 1841711
What are the prime factors of 70423178?
2, 7, 5030227
What are the prime factors of 140463037?
11, 13, 29, 33871
What are the prime factors of 8243874?
2, 3, 43, 10651
What are the prime factors of 1008577816?
2, 617, 204331
What are the prime factors of 5395641665?
5, 3617, 298349
What are the prime factors of 39291694?
2, 13, 29, 31, 41
What are the prime factors of 3110699772?
2, 3, 2729, 31663
What are the prime factors of 45447048?
2, 3, 210403
What are the prime factors of 22878192?
2, 3, 17, 23, 53
List the prime factors of 878586464.
2, 7, 59, 9497
List the prime factors of 128194831.
71, 1805561
List the prime factors of 3976644833.
7, 81156017
List the prime factors of 4611788428.
2, 13, 53, 83, 20161
List the prime factors of 44413888.
2, 693967
What are the prime factors of 1192294892?
2, 59, 5052097
What are the prime factors of 220424577?
3, 37, 463, 4289
What are the prime factors of 77306186?
2, 181, 213553
What are the prime factors of 4600932?
2, 3, 7, 54773
What are the prime factors of 2102302?
2, 1051151
List the prime factors of 81725304.
2, 3, 37, 92033
List the prime factors of 3758550647.
41, 91671967
List the prime factors of 56201510.
2, 5, 137, 41023
List the prime factors of 70781250.
2, 3, 5, 151
List the prime factors of 41979535.
5, 13, 645839
List the prime factors of 3237434844.
2, 3, 7, 38540891
List the prime factors of 24135935.
5, 53, 91079
List the prime factors of 292075594.
2, 1187, 123031
What are the prime factors of 305595508?
2, 4673, 16349
What are the prime factors of 115731483?
3, 7, 787289
What are the prime factors of 41385039?
3, 709, 19457
What are the prime factors of 2539179552?
2, 3, 7, 13, 290657
List the prime factors of 372612271.
29, 743, 17293
List the prime factors of 114016785.
3, 5, 7601119
What are the prime factors of 18613298?
2, 11, 846059
List the prime factors of 101111346.
2, 3, 7, 802471
List the prime factors of 1156593248.
2, 601, 60139
List the prime factors of 982790928.
2, 3, 7, 324997
List the prime factors of 25485746.
2, 11, 13, 8101
What are the prime factors of 86616058?
2, 137, 347, 911
What are the prime factors of 190997343?
3, 21221927
List the prime factors of 17021477.
11, 1547407
List the prime factors of 2486021661.
3, 509, 661, 821
What are the prime factors of 2193826833?
3, 11, 22159867
What are the prime factors of 1742563638?
2, 3, 569, 56713
What are the prime factors of 21175038?
2, 3, 1176391
List the prime factors of 31987680.
2, 3, 5, 103, 647
List the prime factors of 125102494.
2, 11, 89, 181, 353
What are the prime factors of 232677706?
2, 23, 41, 107, 1153
What are the prime factors of 348254860?
2, 5, 17, 181, 5659
List the prime factors of 1332699653.
19, 233, 301039
What are the prime factors of 265077591?
3, 88359197
List the prime factors of 18585207.
3, 199, 1153
What are the prime factors of 104965318?
2, 31, 1692989
What are the prime factors of 230533830?
2, 3, 5, 23, 37123
List the prime factors of 462835986.
2, 3, 77139331
List the prime factors of 3846780548.
2, 13, 73976549
What are the prime factors of 648944580?
2, 3, 5, 67, 109, 1481
What are the prime factors of 2281440293?
11, 43, 1523, 3167
List the prime factors of 569835218.
2, 284917609
What are the prime factors of 613797270?
2, 3, 5, 20459909
What are the prime factors of 1653500873?
487, 3395279
What are the prime factors of 1841735684?
2, 460433921
List the prime factors of 746148360.
2, 3, 5, 17, 365759
List the prime factors of 84525525.
3, 5, 7, 67, 89
What are the prime factors of 64709297?
64709297
List the prime factors of 666947180.
2, 5, 33347359
List the prime factors of 541813183.
181, 2993443
What are the prime factors of 38255979?
3, 47, 181, 1499
What are the prime factors of 434550325?
5, 11, 143653
List the prime factors of 929503917.
3, 17, 223, 1009
List the prime factors of 1078814038.
2, 539407019
What are the prime factors of 180271021?
7, 631, 40813
What are the prime factors of 2339073999?
3, 2927, 88793
What are the prime factors of 27287856?
2, 3, 17, 71, 157
List the prime factors of 99197626.
2, 11, 4508983
What are the prime factors of 1917789821?
2017, 950813
What are the prime factors of 2613079946?
2, 1306539973
What are the prime factors of 440101643?
37, 251, 47389
What are the prime factors of 175771485?
3, 5, 67, 19433
What are the prime factors of 474852941?
109, 4356449
List the prime factors of 60072650.
2, 5, 11, 239, 457
List the prime factors of 141005681.
2897, 48673
What are the prime factors of 408217799?
11, 37110709
What are the prime factors of 7283174869?
29, 97, 2589113
What are the prime factors of 360110719?
29, 2221, 5591
What are the prime factors of 262119930?
2, 3, 5, 71, 109, 1129
List the prime factors of 185101555.
5, 499, 74189
What are the prime factors of 66806093?
66806093
What are the prime factors of 64724372?
2, 17, 951829
List the prime factors of 89541669.
3, 7, 17, 35831
What are the prime factors of 75969305?
5, 2221, 6841
List the prime factors of 4245506704.
2, 23, 41, 6863
What are the prime factors of 58222744?
2, 7277843
What are the prime factors of 688545769?
19, 1907329
What are the prime factors of 145859357?
7, 29, 61, 11779
List the prime factors of 68442657.
3, 107, 213217
What are the prime factors of 72774821?
7, 10396403
What are the prime factors of 17111710?
2, 5, 7, 11, 71, 313
What are the prime factors of 3880077?
3, 23, 53, 1061
What are the prime factors of 96356053?
96356053
What are the prime factors of 162707372?
2, 3323, 12241
List the prime factors of 92460374.
2, 47, 197, 4993
What are the prime factors of 3283471915?
5, 656694383
What are the prime factors of 275995253?
2